{"id":26,"date":"2025-07-08T05:17:04","date_gmt":"2025-07-08T05:17:04","guid":{"rendered":"https:\/\/mugspronto.com\/?page_id=26"},"modified":"2026-04-03T06:39:28","modified_gmt":"2026-04-03T06:39:28","slug":"invitaciones_digitales","status":"publish","type":"page","link":"https:\/\/mugspronto.com\/index.php\/home\/invitaciones_digitales\/","title":{"rendered":"Invitaciones Digitales"},"content":{"rendered":"\t\t<div data-elementor-type=\"wp-page\" data-elementor-id=\"26\" class=\"elementor elementor-26\">\n\t\t\t\t<div class=\"elementor-element elementor-element-7e9d60a e-grid e-con-boxed e-con e-parent\" data-id=\"7e9d60a\" data-element_type=\"container\" data-e-type=\"container\">\n\t\t\t\t\t<div class=\"e-con-inner\">\n\t\t\t\t\t<\/div>\n\t\t\t\t<\/div>\n\t\t<div class=\"elementor-element elementor-element-354ee04 e-flex e-con-boxed e-con e-parent\" data-id=\"354ee04\" data-element_type=\"container\" data-e-type=\"container\">\n\t\t\t\t\t<div class=\"e-con-inner\">\n\t\t<div class=\"elementor-element elementor-element-233771e e-con-full e-flex e-con e-child\" data-id=\"233771e\" data-element_type=\"container\" data-e-type=\"container\">\n\t\t\t\t<div class=\"elementor-element elementor-element-9719b26 elementor-widget elementor-widget-image\" data-id=\"9719b26\" data-element_type=\"widget\" data-e-type=\"widget\" data-widget_type=\"image.default\">\n\t\t\t\t\t\t\t\t\t\t\t\t\t\t\t<img fetchpriority=\"high\" decoding=\"async\" width=\"467\" height=\"707\" src=\"https:\/\/mugspronto.com\/wp-content\/uploads\/2026\/03\/productosproofinvitaciones.jpg\" class=\"attachment-large size-large wp-image-373\" alt=\"\" srcset=\"https:\/\/mugspronto.com\/wp-content\/uploads\/2026\/03\/productosproofinvitaciones.jpg 467w, https:\/\/mugspronto.com\/wp-content\/uploads\/2026\/03\/productosproofinvitaciones-198x300.jpg 198w\" sizes=\"(max-width: 467px) 100vw, 467px\" \/>\t\t\t\t\t\t\t\t\t\t\t\t\t\t\t<\/div>\n\t\t\t\t<\/div>\n\t\t<div class=\"elementor-element elementor-element-3872386 e-con-full e-flex e-con e-child\" data-id=\"3872386\" data-element_type=\"container\" data-e-type=\"container\">\n\t\t<div class=\"elementor-element elementor-element-4e8143f e-con-full e-flex e-con e-child\" data-id=\"4e8143f\" data-element_type=\"container\" data-e-type=\"container\">\n\t\t\t\t<div class=\"elementor-element elementor-element-432ca9e elementor-widget elementor-widget-wp-widget-text\" data-id=\"432ca9e\" data-element_type=\"widget\" data-e-type=\"widget\" data-widget_type=\"wp-widget-text.default\">\n\t\t\t\t<div class=\"elementor-widget-container\">\n\t\t\t\t\t<h5>Todo lo que tu Invitaci\u00f3n Digital Incluye<\/h5>\t\t\t<div class=\"textwidget\"><div style=\"line-height: 1.6;color: inherit\">\n<ul data-path-to-node=\"10\">\n<li>\n<p data-path-to-node=\"10,0,0\"><b data-path-to-node=\"10,0,0\" data-index-in-node=\"0\">\ud83d\udccd Ubicaci\u00f3n Exacta:<\/b> Un clic y tus invitados sabr\u00e1n c\u00f3mo llegar a la iglesia y al sal\u00f3n.<\/p>\n<\/li>\n<li>\n<p data-path-to-node=\"10,1,0\"><b data-path-to-node=\"10,1,0\" data-index-in-node=\"0\">\ud83d\udce9 RSVP Instant\u00e1neo:<\/b> Olv\u00eddate de las llamadas; confirma asistencia directo a tu WhatsApp.<\/p>\n<\/li>\n<li>\n<p data-path-to-node=\"10,2,0\"><b data-path-to-node=\"10,2,0\" data-index-in-node=\"0\">\ud83c\udf81 Mesa de Regalos:<\/b> Facilita la elecci\u00f3n de tus invitados con links directos o datos bancarios.<\/p>\n<\/li>\n<li>\n<p data-path-to-node=\"10,3,0\"><b data-path-to-node=\"10,3,0\" data-index-in-node=\"0\">\ud83d\udc57 Dress Code:<\/b> Asegura el estilo de tu boda comunicando el c\u00f3digo de vestimenta de forma visual.<\/p>\n<\/li>\n<li>\n<p data-path-to-node=\"10,4,0\"><b data-path-to-node=\"10,4,0\" data-index-in-node=\"0\">\u23f3 Cuenta Regresiva:<\/b> Genera expectativa con un reloj en tiempo real.<\/p>\n<\/li>\n<li>\n<p data-path-to-node=\"10,5,0\"><b data-path-to-node=\"10,5,0\" data-index-in-node=\"0\">\ud83d\udcf8 Galer\u00eda Especial:<\/b> Comparte la magia de su sesi\u00f3n de fotos en alta calidad.<\/p>\n<\/li>\n<li>Y mucho m\u00e1s&#8230;<\/li>\n<\/ul>\n<\/div>\n<\/div>\n\t\t\t\t\t\t<\/div>\n\t\t\t\t<\/div>\n\t\t\t\t<\/div>\n\t\t\t\t<div class=\"elementor-element elementor-element-3d9ea15 elementor-widget elementor-widget-image\" data-id=\"3d9ea15\" data-element_type=\"widget\" data-e-type=\"widget\" data-widget_type=\"image.default\">\n\t\t\t\t\t\t\t\t\t\t\t\t\t\t\t<img decoding=\"async\" width=\"1024\" height=\"559\" src=\"https:\/\/mugspronto.com\/wp-content\/uploads\/2026\/04\/code-1-1024x559.png\" class=\"attachment-large size-large wp-image-482\" alt=\"\" srcset=\"https:\/\/mugspronto.com\/wp-content\/uploads\/2026\/04\/code-1-1024x559.png 1024w, https:\/\/mugspronto.com\/wp-content\/uploads\/2026\/04\/code-1-300x164.png 300w, https:\/\/mugspronto.com\/wp-content\/uploads\/2026\/04\/code-1-768x419.png 768w, https:\/\/mugspronto.com\/wp-content\/uploads\/2026\/04\/code-1.png 1408w\" sizes=\"(max-width: 1024px) 100vw, 1024px\" \/>\t\t\t\t\t\t\t\t\t\t\t\t\t\t\t<\/div>\n\t\t\t\t<\/div>\n\t\t\t\t\t<\/div>\n\t\t\t\t<\/div>\n\t\t<div class=\"elementor-element elementor-element-665121e e-grid e-con-boxed e-con e-parent\" data-id=\"665121e\" data-element_type=\"container\" data-e-type=\"container\">\n\t\t\t\t\t<div class=\"e-con-inner\">\n\t\t\t\t<div class=\"elementor-element elementor-element-bc7784f elementor-widget elementor-widget-image\" data-id=\"bc7784f\" data-element_type=\"widget\" data-e-type=\"widget\" data-widget_type=\"image.default\">\n\t\t\t\t\t\t\t\t\t\t\t\t\t\t\t<img decoding=\"async\" width=\"142\" height=\"297\" src=\"https:\/\/mugspronto.com\/wp-content\/uploads\/2026\/04\/celboda.png\" class=\"attachment-large size-large wp-image-520\" alt=\"\" \/>\t\t\t\t\t\t\t\t\t\t\t\t\t\t\t<\/div>\n\t\t\t\t<div class=\"elementor-element elementor-element-c513db2 elementor-widget elementor-widget-image\" data-id=\"c513db2\" data-element_type=\"widget\" data-e-type=\"widget\" data-widget_type=\"image.default\">\n\t\t\t\t\t\t\t\t\t\t\t\t\t\t\t<img decoding=\"async\" width=\"142\" height=\"297\" src=\"https:\/\/mugspronto.com\/wp-content\/uploads\/2026\/04\/celboda.png\" class=\"attachment-large size-large wp-image-520\" alt=\"\" \/>\t\t\t\t\t\t\t\t\t\t\t\t\t\t\t<\/div>\n\t\t\t\t<div class=\"elementor-element elementor-element-57ab465 elementor-widget elementor-widget-image\" data-id=\"57ab465\" data-element_type=\"widget\" data-e-type=\"widget\" data-widget_type=\"image.default\">\n\t\t\t\t\t\t\t\t\t\t\t\t\t\t\t<img decoding=\"async\" width=\"142\" height=\"297\" src=\"https:\/\/mugspronto.com\/wp-content\/uploads\/2026\/04\/celboda.png\" class=\"attachment-large size-large wp-image-520\" alt=\"\" \/>\t\t\t\t\t\t\t\t\t\t\t\t\t\t\t<\/div>\n\t\t\t\t\t<\/div>\n\t\t\t\t<\/div>\n\t\t<div class=\"elementor-element elementor-element-b656ad1 e-grid e-con-boxed e-con e-parent\" data-id=\"b656ad1\" data-element_type=\"container\" data-e-type=\"container\">\n\t\t\t\t\t<div class=\"e-con-inner\">\n\t\t\t\t<div class=\"elementor-element elementor-element-df920fb elementor-widget elementor-widget-n-accordion\" data-id=\"df920fb\" data-element_type=\"widget\" data-e-type=\"widget\" data-settings=\"{&quot;default_state&quot;:&quot;all_collapsed&quot;,&quot;_animation&quot;:&quot;none&quot;,&quot;max_items_expended&quot;:&quot;one&quot;,&quot;n_accordion_animation_duration&quot;:{&quot;unit&quot;:&quot;ms&quot;,&quot;size&quot;:400,&quot;sizes&quot;:[]}}\" data-widget_type=\"nested-accordion.default\">\n\t\t\t\t\t\t\t<div class=\"e-n-accordion\" aria-label=\"Accordion. Open links with Enter or Space, close with Escape, and navigate with Arrow Keys\">\n\t\t\t\t\t\t<details id=\"faq\" class=\"e-n-accordion-item\" >\n\t\t\t\t<summary class=\"e-n-accordion-item-title\" data-accordion-index=\"1\" tabindex=\"0\" aria-expanded=\"false\" aria-controls=\"faq\" >\n\t\t\t\t\t<span class='e-n-accordion-item-title-header'><div class=\"e-n-accordion-item-title-text\"> Preguntas Frecuentes <\/div><\/span>\n\t\t\t\t\t\t\t<span class='e-n-accordion-item-title-icon'>\n\t\t\t<span class='e-opened' ><svg aria-hidden=\"true\" class=\"e-font-icon-svg e-fas-arrow-up\" viewBox=\"0 0 448 512\" xmlns=\"http:\/\/www.w3.org\/2000\/svg\"><path d=\"M34.9 289.5l-22.2-22.2c-9.4-9.4-9.4-24.6 0-33.9L207 39c9.4-9.4 24.6-9.4 33.9 0l194.3 194.3c9.4 9.4 9.4 24.6 0 33.9L413 289.4c-9.5 9.5-25 9.3-34.3-.4L264 168.6V456c0 13.3-10.7 24-24 24h-32c-13.3 0-24-10.7-24-24V168.6L69.2 289.1c-9.3 9.8-24.8 10-34.3.4z\"><\/path><\/svg><\/span>\n\t\t\t<span class='e-closed'><svg aria-hidden=\"true\" class=\"e-font-icon-svg e-fas-arrow-down\" viewBox=\"0 0 448 512\" xmlns=\"http:\/\/www.w3.org\/2000\/svg\"><path d=\"M413.1 222.5l22.2 22.2c9.4 9.4 9.4 24.6 0 33.9L241 473c-9.4 9.4-24.6 9.4-33.9 0L12.7 278.6c-9.4-9.4-9.4-24.6 0-33.9l22.2-22.2c9.5-9.5 25-9.3 34.3.4L184 343.4V56c0-13.3 10.7-24 24-24h32c13.3 0 24 10.7 24 24v287.4l114.8-120.5c9.3-9.8 24.8-10 34.3-.4z\"><\/path><\/svg><\/span>\n\t\t<\/span>\n\n\t\t\t\t\t\t<\/summary>\n\t\t\t\t<div role=\"region\" aria-labelledby=\"faq\" class=\"elementor-element elementor-element-a55a8d0 e-con-full e-flex e-con e-child\" data-id=\"a55a8d0\" data-element_type=\"container\" data-e-type=\"container\">\n\t\t<div role=\"region\" aria-labelledby=\"faq\" class=\"elementor-element elementor-element-92023fa e-con-full e-flex e-con e-child\" data-id=\"92023fa\" data-element_type=\"container\" data-e-type=\"container\">\n\t\t\t\t<\/div>\n\t\t<div role=\"region\" aria-labelledby=\"faq\" class=\"elementor-element elementor-element-e87585f e-con-full e-flex e-con e-child\" data-id=\"e87585f\" data-element_type=\"container\" data-e-type=\"container\">\n\t\t\t\t<div class=\"elementor-element elementor-element-f051d14 elementor-widget elementor-widget-text-editor\" data-id=\"f051d14\" data-element_type=\"widget\" data-e-type=\"widget\" data-widget_type=\"text-editor.default\">\n\t\t\t\t\t\t\t\t\t<ul><li><p data-path-to-node=\"4,0,0\"><b data-path-to-node=\"4,0,0\" data-index-in-node=\"0\">\u00bfCu\u00e1nto tiempo tardan en entregar mi invitaci\u00f3n?<\/b><\/p><blockquote data-path-to-node=\"4,0,1\"><p data-path-to-node=\"4,0,1,0\">Nuestra promesa de entrega es de <b data-path-to-node=\"4,0,1,0\" data-index-in-node=\"33\">24 horas h\u00e1biles<\/b>. Este tiempo comienza a correr a partir de que recibimos toda tu informaci\u00f3n completa (nombres, fechas, ubicaciones, pases y fotograf\u00edas). \u00a1Nos especializamos en rapidez y calidad!<\/p><\/blockquote><\/li><li><p data-path-to-node=\"4,1,0\"><b data-path-to-node=\"4,1,0\" data-index-in-node=\"0\">\u00bfUstedes realizan la sesi\u00f3n de fotos para la invitaci\u00f3n?<\/b><\/p><blockquote data-path-to-node=\"4,1,1\"><p data-path-to-node=\"4,1,1,0\">No realizamos sesiones fotogr\u00e1ficas. El cliente es el encargado de proporcionarnos las fotograf\u00edas que desea incluir. Te recomendamos enviar im\u00e1genes en <b data-path-to-node=\"4,1,1,0\" data-index-in-node=\"153\">alta resoluci\u00f3n<\/b> para que la galer\u00eda de tu invitaci\u00f3n luzca espectacular en cualquier dispositivo.<\/p><\/blockquote><\/li><li><p data-path-to-node=\"4,2,0\"><b data-path-to-node=\"4,2,0\" data-index-in-node=\"0\">\u00bfPuedo incluir m\u00fasica y confirmaci\u00f3n por WhatsApp?<\/b><\/p><blockquote data-path-to-node=\"4,2,1\"><p data-path-to-node=\"4,2,1,0\">\u00a1Por supuesto! Todas nuestras invitaciones son interactivas e incluyen botones directos para confirmar asistencia v\u00eda WhatsApp, ubicaci\u00f3n exacta por Google Maps\/Waze, y tu canci\u00f3n favorita de fondo.<\/p><\/blockquote><\/li><li><p data-path-to-node=\"4,3,0\"><b data-path-to-node=\"4,3,0\" data-index-in-node=\"0\">\u00bfCu\u00e1ntos cambios puedo realizar a mi dise\u00f1o?<\/b><\/p><blockquote data-path-to-node=\"4,3,1\"><p data-path-to-node=\"4,3,1,0\">Una vez entregada la primera versi\u00f3n, incluimos una ronda de correcciones menores (errores de dedo o cambio de una foto) para asegurar que todo est\u00e9 perfecto antes de que comiences a enviarla a tus invitados.<\/p><\/blockquote><\/li><li><p data-path-to-node=\"4,4,0\"><b data-path-to-node=\"4,4,0\" data-index-in-node=\"0\">\u00bfQu\u00e9 pasa si mis invitados abren la invitaci\u00f3n desde un celular?<\/b><\/p><blockquote data-path-to-node=\"4,4,1\"><p data-path-to-node=\"4,4,1,0\">Nuestras invitaciones est\u00e1n dise\u00f1adas con tecnolog\u00eda <b data-path-to-node=\"4,4,1,0\" data-index-in-node=\"53\">Responsive<\/b>, lo que significa que se adaptan autom\u00e1ticamente a cualquier tama\u00f1o de pantalla (celular, tablet o computadora) para que la experiencia de tus invitados sea siempre fluida.<\/p><\/blockquote><\/li><li><p data-path-to-node=\"4,5,0\"><b data-path-to-node=\"4,5,0\" data-index-in-node=\"0\">\u00bfC\u00f3mo se entrega la invitaci\u00f3n final?<\/b><\/p><blockquote data-path-to-node=\"4,5,1\"><p data-path-to-node=\"4,5,1,0\">Te enviamos un <b data-path-to-node=\"4,5,1,0\" data-index-in-node=\"15\">enlace personalizado (Link)<\/b> que podr\u00e1s compartir de forma ilimitada por WhatsApp, Messenger o correo electr\u00f3nico. No es un archivo pesado, por lo que tus invitados podr\u00e1n abrirla al instante sin descargar nada.<\/p><\/blockquote><\/li><\/ul>\t\t\t\t\t\t\t\t<\/div>\n\t\t\t\t<\/div>\n\t\t<div role=\"region\" aria-labelledby=\"faq\" class=\"elementor-element elementor-element-26ab3a4 e-con-full e-flex e-con e-child\" data-id=\"26ab3a4\" data-element_type=\"container\" data-e-type=\"container\">\n\t\t\t\t<\/div>\n\t\t\t\t<\/div>\n\t\t\t\t\t<\/details>\n\t\t\t\t\t<\/div>\n\t\t\t\t\t\t<\/div>\n\t\t\t\t\t<\/div>\n\t\t\t\t<\/div>\n\t\t<div class=\"elementor-element elementor-element-69c7b44 e-flex e-con-boxed e-con e-parent\" data-id=\"69c7b44\" data-element_type=\"container\" data-e-type=\"container\">\n\t\t\t\t\t<div class=\"e-con-inner\">\n\t\t<div class=\"elementor-element elementor-element-a8aaa1e e-con-full e-flex e-con e-child\" data-id=\"a8aaa1e\" data-element_type=\"container\" data-e-type=\"container\">\n\t\t\t\t<div class=\"elementor-element elementor-element-91f3e5d elementor-widget__width-inherit elementor-widget elementor-widget-image\" data-id=\"91f3e5d\" data-element_type=\"widget\" data-e-type=\"widget\" data-widget_type=\"image.default\">\n\t\t\t\t\t\t\t\t\t\t\t\t\t\t\t<img loading=\"lazy\" decoding=\"async\" width=\"1024\" height=\"559\" src=\"https:\/\/mugspronto.com\/wp-content\/uploads\/2026\/04\/bodas-1-1024x559.png\" class=\"attachment-large size-large wp-image-440\" alt=\"\" srcset=\"https:\/\/mugspronto.com\/wp-content\/uploads\/2026\/04\/bodas-1-1024x559.png 1024w, https:\/\/mugspronto.com\/wp-content\/uploads\/2026\/04\/bodas-1-300x164.png 300w, https:\/\/mugspronto.com\/wp-content\/uploads\/2026\/04\/bodas-1-768x419.png 768w, https:\/\/mugspronto.com\/wp-content\/uploads\/2026\/04\/bodas-1.png 1408w\" sizes=\"(max-width: 1024px) 100vw, 1024px\" \/>\t\t\t\t\t\t\t\t\t\t\t\t\t\t\t<\/div>\n\t\t\t\t<\/div>\n\t\t\t\t\t<\/div>\n\t\t\t\t<\/div>\n\t\t\t\t<\/div>\n\t\t","protected":false},"excerpt":{"rendered":"<p>Preguntas Frecuentes \u00bfCu\u00e1nto tiempo tardan en entregar mi invitaci\u00f3n? Nuestra promesa de entrega es de 24 horas h\u00e1biles. Este tiempo comienza a correr a partir de que recibimos toda tu informaci\u00f3n completa (nombres, fechas, ubicaciones, pases y fotograf\u00edas). \u00a1Nos especializamos en rapidez y calidad! \u00bfUstedes realizan la sesi\u00f3n de fotos para la invitaci\u00f3n? No realizamos [&hellip;]<\/p>\n","protected":false},"author":1,"featured_media":0,"parent":56,"menu_order":0,"comment_status":"closed","ping_status":"closed","template":"elementor_header_footer","meta":{"footnotes":""},"class_list":["post-26","page","type-page","status-publish","hentry"],"_links":{"self":[{"href":"https:\/\/mugspronto.com\/index.php\/wp-json\/wp\/v2\/pages\/26","targetHints":{"allow":["GET"]}}],"collection":[{"href":"https:\/\/mugspronto.com\/index.php\/wp-json\/wp\/v2\/pages"}],"about":[{"href":"https:\/\/mugspronto.com\/index.php\/wp-json\/wp\/v2\/types\/page"}],"author":[{"embeddable":true,"href":"https:\/\/mugspronto.com\/index.php\/wp-json\/wp\/v2\/users\/1"}],"replies":[{"embeddable":true,"href":"https:\/\/mugspronto.com\/index.php\/wp-json\/wp\/v2\/comments?post=26"}],"version-history":[{"count":141,"href":"https:\/\/mugspronto.com\/index.php\/wp-json\/wp\/v2\/pages\/26\/revisions"}],"predecessor-version":[{"id":614,"href":"https:\/\/mugspronto.com\/index.php\/wp-json\/wp\/v2\/pages\/26\/revisions\/614"}],"up":[{"embeddable":true,"href":"https:\/\/mugspronto.com\/index.php\/wp-json\/wp\/v2\/pages\/56"}],"wp:attachment":[{"href":"https:\/\/mugspronto.com\/index.php\/wp-json\/wp\/v2\/media?parent=26"}],"curies":[{"name":"wp","href":"https:\/\/api.w.org\/{rel}","templated":true}]}}